{"id":7,"date":"2022-05-18T20:08:43","date_gmt":"2022-05-18T18:08:43","guid":{"rendered":"https:\/\/kalihomok.hu\/?page_id=7"},"modified":"2022-05-18T20:08:43","modified_gmt":"2022-05-18T18:08:43","slug":"rolunk","status":"publish","type":"page","link":"https:\/\/kalihomok.hu\/?page_id=7","title":{"rendered":"R\u00f3lunk"},"content":{"rendered":"\n<p>B\u00e1ny\u00e1nk 2007-ben ny\u00edlt meg, az egri sz\u00e9khely\u0171 Visz-Fuvar Kft. tulajdonak\u00e9nt.<br>Napjainkban \u00f6n\u00e1ll\u00f3 c\u00e9gk\u00e9nt ugyan, de mint a Visz-Fuvar Kft. testv\u00e9r c\u00e9ge m\u0171k\u00f6dik. Jelenleg 5 ha-on folyik a kitermel\u00e9s, ahol els\u0151sorban \u00e9p\u00edt\u0151ipari v\u00e1llalkoz\u00e1sok, \u00fat\u00e9p\u00edt\u0151 c\u00e9gek, valamint a lakoss\u00e1g r\u00e9sz\u00e9re t\u00f6rt\u00e9nik kiszolg\u00e1l\u00e1s.<\/p>\n","protected":false},"excerpt":{"rendered":"<p>B\u00e1ny\u00e1nk 2007-ben ny\u00edlt meg, az egri sz\u00e9khely\u0171 Visz-Fuvar Kft. tulajdonak\u00e9nt.Napjainkban \u00f6n\u00e1ll\u00f3 c\u00e9gk\u00e9nt ugyan, de mint a Visz-Fuvar Kft. testv\u00e9r c\u00e9ge m\u0171k\u00f6dik. Jelenleg 5 ha-on folyik a kitermel\u00e9s, ahol els\u0151sorban \u00e9p\u00edt\u0151ipari v\u00e1llalkoz\u00e1sok, \u00fat\u00e9p\u00edt\u0151 c\u00e9gek, valamint a lakoss\u00e1g r\u00e9sz\u00e9re t\u00f6rt\u00e9nik kiszolg\u00e1l\u00e1s.<\/p>\n","protected":false},"author":1,"featured_media":0,"parent":0,"menu_order":0,"comment_status":"closed","ping_status":"closed","template":"","meta":{"footnotes":""},"class_list":["post-7","page","type-page","status-publish","hentry"],"_links":{"self":[{"href":"https:\/\/kalihomok.hu\/index.php?rest_route=\/wp\/v2\/pages\/7","targetHints":{"allow":["GET"]}}],"collection":[{"href":"https:\/\/kalihomok.hu\/index.php?rest_route=\/wp\/v2\/pages"}],"about":[{"href":"https:\/\/kalihomok.hu\/index.php?rest_route=\/wp\/v2\/types\/page"}],"author":[{"embeddable":true,"href":"https:\/\/kalihomok.hu\/index.php?rest_route=\/wp\/v2\/users\/1"}],"replies":[{"embeddable":true,"href":"https:\/\/kalihomok.hu\/index.php?rest_route=%2Fwp%2Fv2%2Fcomments&post=7"}],"version-history":[{"count":1,"href":"https:\/\/kalihomok.hu\/index.php?rest_route=\/wp\/v2\/pages\/7\/revisions"}],"predecessor-version":[{"id":9,"href":"https:\/\/kalihomok.hu\/index.php?rest_route=\/wp\/v2\/pages\/7\/revisions\/9"}],"wp:attachment":[{"href":"https:\/\/kalihomok.hu\/index.php?rest_route=%2Fwp%2Fv2%2Fmedia&parent=7"}],"curies":[{"name":"wp","href":"https:\/\/api.w.org\/{rel}","templated":true}]}}